{"id":2649,"date":"2023-01-28T20:41:07","date_gmt":"2023-01-28T23:41:07","guid":{"rendered":"https:\/\/felinelingeries.com\/loja-virtual\/?post_type=product&#038;p=2649"},"modified":"2024-08-14T21:03:44","modified_gmt":"2024-08-15T00:03:44","slug":"maio-saida-infinite","status":"publish","type":"product","link":"https:\/\/felinelingeries.com\/loja-virtual\/produto\/maio-saida-infinite\/","title":{"rendered":"Mai\u00f4 Sa\u00edda Infinite"},"content":{"rendered":"<p>Mai\u00f4 com sa\u00edda junto. Nosso mai\u00f4 mais amada, nessa estampa linda e exclusiva.<\/p>\n<p>Busto com bojo, estilo top com al\u00e7as largas.<\/p>\n<p>Costas retas com detalhe de trancado.<\/p>\n<p>Mai\u00f4 inteiro estampado, saia em tul\u00ea pra dar leveza a pe\u00e7a.<\/p>\n<p>Use como quiser.<\/p>\n<p>Escolha seu tamanho:<\/p>\n<p>P veste manequim 34\/36 &#8211; Busto 40<\/p>\n<p>M veste manequim 38\/40 &#8211; Busto 42<\/p>\n<p>G veste manequim 42\/44 &#8211; Busto 44<\/p>\n<p>GG veste manequim 46 &#8211; Busto 46<\/p>\n","protected":false},"excerpt":{"rendered":"<p>Mai\u00f4 com sa\u00edda junto. Nosso mai\u00f4 mais amada, nessa estampa linda e exclusiva. Busto com bojo, estilo top com al\u00e7as largas. Costas retas com detalhe de trancado. Mai\u00f4 inteiro estampado, saia em tul\u00ea pra dar leveza a pe\u00e7a. Use como quiser. Escolha seu tamanho: P veste manequim 34\/36 &#8211; Busto 40 M veste manequim 38\/40 [&#8230;]\n","protected":false},"featured_media":2647,"template":"","meta":[],"product_brand":[],"product_cat":[23,192],"product_tag":[257,83,262,261,258,260,259],"class_list":{"0":"post-2649","1":"product","2":"type-product","3":"status-publish","4":"has-post-thumbnail","6":"product_cat-biquinis","7":"product_cat-maio","8":"product_tag-allamar","9":"product_tag-biquini","10":"product_tag-infinite","11":"product_tag-listras","12":"product_tag-maio-saida","13":"product_tag-maio-vestido","14":"product_tag-vestido","15":"pa_tamanho-p","17":"first","18":"instock","19":"sold-individually","20":"shipping-taxable","21":"purchasable","22":"product-type-variable"},"yoast_head":"<!-- This site is optimized with the Yoast SEO plugin v27.2 - https:\/\/yoast.com\/product\/yoast-seo-wordpress\/ -->\n<title>Mai\u00f4 Sa\u00edda Infinite - Feline<\/title>\n<meta name=\"robots\" content=\"index, follow, max-snippet:-1, max-image-preview:large, max-video-preview:-1\" \/>\n<link rel=\"canonical\" href=\"https:\/\/felinelingeries.com\/loja-virtual\/produto\/maio-saida-infinite\/\" \/>\n<meta property=\"og:locale\" content=\"pt_BR\" \/>\n<meta property=\"og:type\" content=\"article\" \/>\n<meta property=\"og:title\" content=\"Mai\u00f4 Sa\u00edda Infinite - Feline\" \/>\n<meta property=\"og:description\" content=\"Mai\u00f4 com sa\u00edda junto. Nosso mai\u00f4 mais amada, nessa estampa linda e exclusiva. Busto com bojo, estilo top com al\u00e7as largas. Costas retas com detalhe de trancado. Mai\u00f4 inteiro estampado, saia em tul\u00ea pra dar leveza a pe\u00e7a. Use como quiser. Escolha seu tamanho: P veste manequim 34\/36 &#8211; Busto 40 M veste manequim 38\/40 [...]\" \/>\n<meta property=\"og:url\" content=\"https:\/\/felinelingeries.com\/loja-virtual\/produto\/maio-saida-infinite\/\" \/>\n<meta property=\"og:site_name\" content=\"Feline\" \/>\n<meta property=\"article:publisher\" content=\"https:\/\/www.facebook.com\/amofeline\" \/>\n<meta property=\"article:modified_time\" content=\"2024-08-15T00:03:44+00:00\" \/>\n<meta property=\"og:image\" content=\"https:\/\/i0.wp.com\/felinelingeries.com\/loja-virtual\/wp-content\/uploads\/2023\/01\/img_9154.jpeg?fit=828%2C1472&ssl=1\" \/>\n\t<meta property=\"og:image:width\" content=\"828\" \/>\n\t<meta property=\"og:image:height\" content=\"1472\" \/>\n\t<meta property=\"og:image:type\" content=\"image\/jpeg\" \/>\n<meta name=\"twitter:card\" content=\"summary_large_image\" \/>\n<script type=\"application\/ld+json\" class=\"yoast-schema-graph\">{\"@context\":\"https:\/\/schema.org\",\"@graph\":[{\"@type\":\"WebPage\",\"@id\":\"https:\/\/felinelingeries.com\/loja-virtual\/produto\/maio-saida-infinite\/\",\"url\":\"https:\/\/felinelingeries.com\/loja-virtual\/produto\/maio-saida-infinite\/\",\"name\":\"Mai\u00f4 Sa\u00edda Infinite - Feline\",\"isPartOf\":{\"@id\":\"https:\/\/felinelingeries.com\/loja-virtual\/#website\"},\"primaryImageOfPage\":{\"@id\":\"https:\/\/felinelingeries.com\/loja-virtual\/produto\/maio-saida-infinite\/#primaryimage\"},\"image\":{\"@id\":\"https:\/\/felinelingeries.com\/loja-virtual\/produto\/maio-saida-infinite\/#primaryimage\"},\"thumbnailUrl\":\"https:\/\/i0.wp.com\/felinelingeries.com\/loja-virtual\/wp-content\/uploads\/2023\/01\/img_9154.jpeg?fit=828%2C1472&ssl=1\",\"datePublished\":\"2023-01-28T23:41:07+00:00\",\"dateModified\":\"2024-08-15T00:03:44+00:00\",\"breadcrumb\":{\"@id\":\"https:\/\/felinelingeries.com\/loja-virtual\/produto\/maio-saida-infinite\/#breadcrumb\"},\"inLanguage\":\"pt-BR\",\"potentialAction\":[{\"@type\":\"ReadAction\",\"target\":[\"https:\/\/felinelingeries.com\/loja-virtual\/produto\/maio-saida-infinite\/\"]}]},{\"@type\":\"ImageObject\",\"inLanguage\":\"pt-BR\",\"@id\":\"https:\/\/felinelingeries.com\/loja-virtual\/produto\/maio-saida-infinite\/#primaryimage\",\"url\":\"https:\/\/i0.wp.com\/felinelingeries.com\/loja-virtual\/wp-content\/uploads\/2023\/01\/img_9154.jpeg?fit=828%2C1472&ssl=1\",\"contentUrl\":\"https:\/\/i0.wp.com\/felinelingeries.com\/loja-virtual\/wp-content\/uploads\/2023\/01\/img_9154.jpeg?fit=828%2C1472&ssl=1\",\"width\":828,\"height\":1472},{\"@type\":\"BreadcrumbList\",\"@id\":\"https:\/\/felinelingeries.com\/loja-virtual\/produto\/maio-saida-infinite\/#breadcrumb\",\"itemListElement\":[{\"@type\":\"ListItem\",\"position\":1,\"name\":\"In\u00edcio\",\"item\":\"https:\/\/felinelingeries.com\/loja-virtual\/\"},{\"@type\":\"ListItem\",\"position\":2,\"name\":\"Shop\",\"item\":\"https:\/\/felinelingeries.com\/loja-virtual\/shop\/\"},{\"@type\":\"ListItem\",\"position\":3,\"name\":\"Mai\u00f4 Sa\u00edda Infinite\"}]},{\"@type\":\"WebSite\",\"@id\":\"https:\/\/felinelingeries.com\/loja-virtual\/#website\",\"url\":\"https:\/\/felinelingeries.com\/loja-virtual\/\",\"name\":\"Feline\",\"description\":\"Loja online especializada em pijamas, biqu\u00ednis e underwear de alta qualidade\",\"publisher\":{\"@id\":\"https:\/\/felinelingeries.com\/loja-virtual\/#organization\"},\"potentialAction\":[{\"@type\":\"SearchAction\",\"target\":{\"@type\":\"EntryPoint\",\"urlTemplate\":\"https:\/\/felinelingeries.com\/loja-virtual\/?s={search_term_string}\"},\"query-input\":{\"@type\":\"PropertyValueSpecification\",\"valueRequired\":true,\"valueName\":\"search_term_string\"}}],\"inLanguage\":\"pt-BR\"},{\"@type\":\"Organization\",\"@id\":\"https:\/\/felinelingeries.com\/loja-virtual\/#organization\",\"name\":\"Feline\",\"url\":\"https:\/\/felinelingeries.com\/loja-virtual\/\",\"logo\":{\"@type\":\"ImageObject\",\"inLanguage\":\"pt-BR\",\"@id\":\"https:\/\/felinelingeries.com\/loja-virtual\/#\/schema\/logo\/image\/\",\"url\":\"https:\/\/i0.wp.com\/felinelingeries.com\/loja-virtual\/wp-content\/uploads\/2024\/08\/logoFelineRedimensionada2.png?fit=300%2C127&ssl=1\",\"contentUrl\":\"https:\/\/i0.wp.com\/felinelingeries.com\/loja-virtual\/wp-content\/uploads\/2024\/08\/logoFelineRedimensionada2.png?fit=300%2C127&ssl=1\",\"width\":300,\"height\":127,\"caption\":\"Feline\"},\"image\":{\"@id\":\"https:\/\/felinelingeries.com\/loja-virtual\/#\/schema\/logo\/image\/\"},\"sameAs\":[\"https:\/\/www.facebook.com\/amofeline\",\"https:\/\/www.instagram.com\/naira_feline\/\"]}]}<\/script>\n<!-- \/ Yoast SEO plugin. -->","yoast_head_json":{"title":"Mai\u00f4 Sa\u00edda Infinite - Feline","robots":{"index":"index","follow":"follow","max-snippet":"max-snippet:-1","max-image-preview":"max-image-preview:large","max-video-preview":"max-video-preview:-1"},"canonical":"https:\/\/felinelingeries.com\/loja-virtual\/produto\/maio-saida-infinite\/","og_locale":"pt_BR","og_type":"article","og_title":"Mai\u00f4 Sa\u00edda Infinite - Feline","og_description":"Mai\u00f4 com sa\u00edda junto. Nosso mai\u00f4 mais amada, nessa estampa linda e exclusiva. Busto com bojo, estilo top com al\u00e7as largas. Costas retas com detalhe de trancado. Mai\u00f4 inteiro estampado, saia em tul\u00ea pra dar leveza a pe\u00e7a. Use como quiser. Escolha seu tamanho: P veste manequim 34\/36 &#8211; Busto 40 M veste manequim 38\/40 [...]","og_url":"https:\/\/felinelingeries.com\/loja-virtual\/produto\/maio-saida-infinite\/","og_site_name":"Feline","article_publisher":"https:\/\/www.facebook.com\/amofeline","article_modified_time":"2024-08-15T00:03:44+00:00","og_image":[{"width":828,"height":1472,"url":"https:\/\/i0.wp.com\/felinelingeries.com\/loja-virtual\/wp-content\/uploads\/2023\/01\/img_9154.jpeg?fit=828%2C1472&ssl=1","type":"image\/jpeg"}],"twitter_card":"summary_large_image","schema":{"@context":"https:\/\/schema.org","@graph":[{"@type":"WebPage","@id":"https:\/\/felinelingeries.com\/loja-virtual\/produto\/maio-saida-infinite\/","url":"https:\/\/felinelingeries.com\/loja-virtual\/produto\/maio-saida-infinite\/","name":"Mai\u00f4 Sa\u00edda Infinite - Feline","isPartOf":{"@id":"https:\/\/felinelingeries.com\/loja-virtual\/#website"},"primaryImageOfPage":{"@id":"https:\/\/felinelingeries.com\/loja-virtual\/produto\/maio-saida-infinite\/#primaryimage"},"image":{"@id":"https:\/\/felinelingeries.com\/loja-virtual\/produto\/maio-saida-infinite\/#primaryimage"},"thumbnailUrl":"https:\/\/i0.wp.com\/felinelingeries.com\/loja-virtual\/wp-content\/uploads\/2023\/01\/img_9154.jpeg?fit=828%2C1472&ssl=1","datePublished":"2023-01-28T23:41:07+00:00","dateModified":"2024-08-15T00:03:44+00:00","breadcrumb":{"@id":"https:\/\/felinelingeries.com\/loja-virtual\/produto\/maio-saida-infinite\/#breadcrumb"},"inLanguage":"pt-BR","potentialAction":[{"@type":"ReadAction","target":["https:\/\/felinelingeries.com\/loja-virtual\/produto\/maio-saida-infinite\/"]}]},{"@type":"ImageObject","inLanguage":"pt-BR","@id":"https:\/\/felinelingeries.com\/loja-virtual\/produto\/maio-saida-infinite\/#primaryimage","url":"https:\/\/i0.wp.com\/felinelingeries.com\/loja-virtual\/wp-content\/uploads\/2023\/01\/img_9154.jpeg?fit=828%2C1472&ssl=1","contentUrl":"https:\/\/i0.wp.com\/felinelingeries.com\/loja-virtual\/wp-content\/uploads\/2023\/01\/img_9154.jpeg?fit=828%2C1472&ssl=1","width":828,"height":1472},{"@type":"BreadcrumbList","@id":"https:\/\/felinelingeries.com\/loja-virtual\/produto\/maio-saida-infinite\/#breadcrumb","itemListElement":[{"@type":"ListItem","position":1,"name":"In\u00edcio","item":"https:\/\/felinelingeries.com\/loja-virtual\/"},{"@type":"ListItem","position":2,"name":"Shop","item":"https:\/\/felinelingeries.com\/loja-virtual\/shop\/"},{"@type":"ListItem","position":3,"name":"Mai\u00f4 Sa\u00edda Infinite"}]},{"@type":"WebSite","@id":"https:\/\/felinelingeries.com\/loja-virtual\/#website","url":"https:\/\/felinelingeries.com\/loja-virtual\/","name":"Feline","description":"Loja online especializada em pijamas, biqu\u00ednis e underwear de alta qualidade","publisher":{"@id":"https:\/\/felinelingeries.com\/loja-virtual\/#organization"},"potentialAction":[{"@type":"SearchAction","target":{"@type":"EntryPoint","urlTemplate":"https:\/\/felinelingeries.com\/loja-virtual\/?s={search_term_string}"},"query-input":{"@type":"PropertyValueSpecification","valueRequired":true,"valueName":"search_term_string"}}],"inLanguage":"pt-BR"},{"@type":"Organization","@id":"https:\/\/felinelingeries.com\/loja-virtual\/#organization","name":"Feline","url":"https:\/\/felinelingeries.com\/loja-virtual\/","logo":{"@type":"ImageObject","inLanguage":"pt-BR","@id":"https:\/\/felinelingeries.com\/loja-virtual\/#\/schema\/logo\/image\/","url":"https:\/\/i0.wp.com\/felinelingeries.com\/loja-virtual\/wp-content\/uploads\/2024\/08\/logoFelineRedimensionada2.png?fit=300%2C127&ssl=1","contentUrl":"https:\/\/i0.wp.com\/felinelingeries.com\/loja-virtual\/wp-content\/uploads\/2024\/08\/logoFelineRedimensionada2.png?fit=300%2C127&ssl=1","width":300,"height":127,"caption":"Feline"},"image":{"@id":"https:\/\/felinelingeries.com\/loja-virtual\/#\/schema\/logo\/image\/"},"sameAs":["https:\/\/www.facebook.com\/amofeline","https:\/\/www.instagram.com\/naira_feline\/"]}]}},"jetpack_sharing_enabled":true,"_links":{"self":[{"href":"https:\/\/felinelingeries.com\/loja-virtual\/wp-json\/wp\/v2\/product\/2649","targetHints":{"allow":["GET"]}}],"collection":[{"href":"https:\/\/felinelingeries.com\/loja-virtual\/wp-json\/wp\/v2\/product"}],"about":[{"href":"https:\/\/felinelingeries.com\/loja-virtual\/wp-json\/wp\/v2\/types\/product"}],"wp:featuredmedia":[{"embeddable":true,"href":"https:\/\/felinelingeries.com\/loja-virtual\/wp-json\/wp\/v2\/media\/2647"}],"wp:attachment":[{"href":"https:\/\/felinelingeries.com\/loja-virtual\/wp-json\/wp\/v2\/media?parent=2649"}],"wp:term":[{"taxonomy":"product_brand","embeddable":true,"href":"https:\/\/felinelingeries.com\/loja-virtual\/wp-json\/wp\/v2\/product_brand?post=2649"},{"taxonomy":"product_cat","embeddable":true,"href":"https:\/\/felinelingeries.com\/loja-virtual\/wp-json\/wp\/v2\/product_cat?post=2649"},{"taxonomy":"product_tag","embeddable":true,"href":"https:\/\/felinelingeries.com\/loja-virtual\/wp-json\/wp\/v2\/product_tag?post=2649"}],"curies":[{"name":"wp","href":"https:\/\/api.w.org\/{rel}","templated":true}]}}